{"id":132,"date":"2020-02-09T20:21:01","date_gmt":"2020-02-09T19:21:01","guid":{"rendered":"https:\/\/www.clg-cesar.ac-nice.fr\/?page_id=132"},"modified":"2020-02-18T19:25:12","modified_gmt":"2020-02-18T18:25:12","slug":"les-enseignements","status":"publish","type":"page","link":"https:\/\/www.clg-cesar.ac-nice.fr\/?page_id=132","title":{"rendered":"Les enseignements"},"content":{"rendered":"<p>Le coll\u00e8ge marque l&rsquo;entr\u00e9e des \u00e9l\u00e8ves dans l&rsquo;enseignement secondaire. Il est organis\u00e9 en quatre niveaux de la sixi\u00e8me \u00e0 la troisi\u00e8me et structur\u00e9 en cycles p\u00e9dagogiques.<\/p>\n<h4>Le cycle 3<\/h4>\n<p>Le cycle 3, cycle de consolidation, est \u00e0 cheval sur l&rsquo;\u00e9cole \u00e9l\u00e9mentaire et le coll\u00e8ge. Sa mise en \u0153uvre n\u00e9cessite une concertation renforc\u00e9e entre le coll\u00e8ge et les \u00e9coles de son secteur, dans le cadre du conseil \u00e9cole-coll\u00e8ge notamment.<\/p>\n<p><a href=\"https:\/\/www.clg-cesar.ac-nice.fr\/?page_id=128\"><span class=\"btn\">En savoir plus<\/span><\/a><\/p>\n<h4>Le cycle 4<\/h4>\n<p>Le cycle 4, cycle des approfondissements, comprend les classes de 5<small><sup>e<\/sup><\/small>, de 4<small><sup>e<\/sup><\/small> et de 3<small><sup>e<\/sup><\/small>. Durant ce cycle, les \u00e9l\u00e8ves d\u00e9veloppent leurs connaissances et comp\u00e9tences dans les diff\u00e9rentes disciplines tout en pr\u00e9parant la poursuite de leur formation et leur future participation active \u00e0 l&rsquo;\u00e9volution de la soci\u00e9t\u00e9.<\/p>\n<p><a href=\"https:\/\/www.clg-cesar.ac-nice.fr\/?page_id=130\"><span class=\"btn\">En savoir plus<\/span><\/a><\/p>\n<h4>Le socle commun de connaissances, de comp\u00e9tences et de culture<\/h4>\n<p>Le socle commun de connaissances, de comp\u00e9tences et de culture d\u00e9finit les comp\u00e9tences, bas\u00e9es sur des connaissances relevant des diff\u00e9rents domaines d&rsquo;enseignement, qu&rsquo;un \u00e9l\u00e8ve doit progressivement ma\u00eetriser pendant la scolarit\u00e9 obligatoire. Une culture scolaire commune est ainsi construite contin\u00fbment pendant les cycles 2, 3 et 4 couvrant l&rsquo;\u00e9cole \u00e9l\u00e9mentaire et le coll\u00e8ge.<\/p>\n<p><a href=\"https:\/\/www.clg-cesar.ac-nice.fr\/?page_id=170\"><span class=\"btn\">En savoir plus<\/span><\/a><\/p>\n<h4>Les parcours \u00e9ducatifs<\/h4>\n<p>La notion de parcours \u00e9ducatif int\u00e8gre l&rsquo;id\u00e9e d&rsquo;une acquisition progressive de connaissances et de comp\u00e9tences qui s&rsquo;accumulent tout au long du parcours scolaire de l&rsquo;\u00e9l\u00e8ve.<\/p>\n<p>Au coll\u00e8ge il existe quatre parcours \u00e9ducatifs :<\/p>\n<ul>\n<li>Parcours d&rsquo;\u00e9ducation artistique et culturelle ;<\/li>\n<li>Parcours Avenir ;<\/li>\n<li>Parcours \u00e9ducatif de sant\u00e9 ;<\/li>\n<li>Parcours citoyen.<\/li>\n<\/ul>\n<p><a href=\"https:\/\/www.clg-cesar.ac-nice.fr\/?page_id=168\"><span class=\"btn\">En savoir plus<\/span><\/a><\/p>\n","protected":false},"excerpt":{"rendered":"<p>Le coll\u00e8ge marque l&rsquo;entr\u00e9e des \u00e9l\u00e8ves dans l&rsquo;enseignement secondaire. Il est organis\u00e9 en quatre niveaux de la sixi\u00e8me \u00e0 la troisi\u00e8me et structur\u00e9 en cycles p\u00e9dagogiques. Le cycle 3 Le cycle 3, cycle de consolidation, est \u00e0 cheval sur l&rsquo;\u00e9cole \u00e9l\u00e9mentaire et le coll\u00e8ge. Sa mise en \u0153uvre n\u00e9cessite une concertation renforc\u00e9e entre le coll\u00e8ge &hellip; <\/p>\n<p><a class=\"more-link btn\" href=\"https:\/\/www.clg-cesar.ac-nice.fr\/?page_id=132\">Lire la suite<\/a><\/p>\n","protected":false},"author":636,"featured_media":0,"parent":0,"menu_order":0,"comment_status":"closed","ping_status":"closed","template":"template-twocolumnsleft.php","meta":{"ngg_post_thumbnail":0,"footnotes":""},"class_list":["post-132","page","type-page","status-publish","hentry","nodate","item-wrap"],"_links":{"self":[{"href":"https:\/\/www.clg-cesar.ac-nice.fr\/index.php?rest_route=\/wp\/v2\/pages\/132","targetHints":{"allow":["GET"]}}],"collection":[{"href":"https:\/\/www.clg-cesar.ac-nice.fr\/index.php?rest_route=\/wp\/v2\/pages"}],"about":[{"href":"https:\/\/www.clg-cesar.ac-nice.fr\/index.php?rest_route=\/wp\/v2\/types\/page"}],"author":[{"embeddable":true,"href":"https:\/\/www.clg-cesar.ac-nice.fr\/index.php?rest_route=\/wp\/v2\/users\/636"}],"replies":[{"embeddable":true,"href":"https:\/\/www.clg-cesar.ac-nice.fr\/index.php?rest_route=%2Fwp%2Fv2%2Fcomments&post=132"}],"version-history":[{"count":13,"href":"https:\/\/www.clg-cesar.ac-nice.fr\/index.php?rest_route=\/wp\/v2\/pages\/132\/revisions"}],"predecessor-version":[{"id":421,"href":"https:\/\/www.clg-cesar.ac-nice.fr\/index.php?rest_route=\/wp\/v2\/pages\/132\/revisions\/421"}],"wp:attachment":[{"href":"https:\/\/www.clg-cesar.ac-nice.fr\/index.php?rest_route=%2Fwp%2Fv2%2Fmedia&parent=132"}],"curies":[{"name":"wp","href":"https:\/\/api.w.org\/{rel}","templated":true}]}}

<p>Le collège marque l&rsquo;entrée des élèves dans l&rsquo;enseignement secondaire. Il est organisé en quatre niveaux de la sixième à la troisième et structuré en cycles pédagogiques.</p>
<h4>Le cycle 3</h4>
<p>Le cycle 3, cycle de consolidation, est à cheval sur l&rsquo;école élémentaire et le collège. Sa mise en œuvre nécessite une concertation renforcée entre le collège et les écoles de son secteur, dans le cadre du conseil école-collège notamment.</p>
<p><a href="https://www.clg-cesar.ac-nice.fr/?page_id=128"><span class="btn">En savoir plus</span></a></p>
<h4>Le cycle 4</h4>
<p>Le cycle 4, cycle des approfondissements, comprend les classes de 5<small><sup>e</sup></small>, de 4<small><sup>e</sup></small> et de 3<small><sup>e</sup></small>. Durant ce cycle, les élèves développent leurs connaissances et compétences dans les différentes disciplines tout en préparant la poursuite de leur formation et leur future participation active à l&rsquo;évolution de la société.</p>
<p><a href="https://www.clg-cesar.ac-nice.fr/?page_id=130"><span class="btn">En savoir plus</span></a></p>
<h4>Le socle commun de connaissances, de compétences et de culture</h4>
<p>Le socle commun de connaissances, de compétences et de culture définit les compétences, basées sur des connaissances relevant des différents domaines d&rsquo;enseignement, qu&rsquo;un élève doit progressivement maîtriser pendant la scolarité obligatoire. Une culture scolaire commune est ainsi construite continûment pendant les cycles 2, 3 et 4 couvrant l&rsquo;école élémentaire et le collège.</p>
<p><a href="https://www.clg-cesar.ac-nice.fr/?page_id=170"><span class="btn">En savoir plus</span></a></p>
<h4>Les parcours éducatifs</h4>
<p>La notion de parcours éducatif intègre l&rsquo;idée d&rsquo;une acquisition progressive de connaissances et de compétences qui s&rsquo;accumulent tout au long du parcours scolaire de l&rsquo;élève.</p>
<p>Au collège il existe quatre parcours éducatifs :</p>
<ul>
<li>Parcours d&rsquo;éducation artistique et culturelle ;</li>
<li>Parcours Avenir ;</li>
<li>Parcours éducatif de santé ;</li>
<li>Parcours citoyen.</li>
</ul>
<p><a href="https://www.clg-cesar.ac-nice.fr/?page_id=168"><span class="btn">En savoir plus</span></a></p>

<p>Le collège marque l&rsquo;entrée des élèves dans l&rsquo;enseignement secondaire. Il est organisé en quatre niveaux de la sixième à la troisième et structuré en cycles pédagogiques. Le cycle 3 Le cycle 3, cycle de consolidation, est à cheval sur l&rsquo;école élémentaire et le collège. Sa mise en œuvre nécessite une concertation renforcée entre le collège &hellip; </p>
<p><a class="more-link btn" href="https://www.clg-cesar.ac-nice.fr/?page_id=132">Lire la suite</a></p>
