{"id":168,"date":"2020-02-10T18:53:24","date_gmt":"2020-02-10T17:53:24","guid":{"rendered":"https:\/\/www.clg-cesar.ac-nice.fr\/?page_id=168"},"modified":"2020-02-11T21:06:37","modified_gmt":"2020-02-11T20:06:37","slug":"parcours","status":"publish","type":"page","link":"https:\/\/www.clg-cesar.ac-nice.fr\/?page_id=168","title":{"rendered":"Les parcours \u00e9ducatifs"},"content":{"rendered":"<p>La notion de parcours \u00e9ducatif int\u00e8gre l&rsquo;id\u00e9e d&rsquo;une acquisition progressive de connaissances et de comp\u00e9tences qui s&rsquo;accumulent tout au long du parcours scolaire de l&rsquo;\u00e9l\u00e8ve.<\/p>\n<p>Au coll\u00e8ge il existe quatre parcours \u00e9ducatifs :<\/p>\n<ul>\n<li>Parcours d&rsquo;\u00e9ducation artistique et culturelle ;<\/li>\n<li>Parcours Avenir ;<\/li>\n<li>Parcours \u00e9ducatif de sant\u00e9 ;<\/li>\n<li>Parcours citoyen.<\/li>\n<\/ul>\n","protected":false},"excerpt":{"rendered":"<p>La notion de parcours \u00e9ducatif int\u00e8gre l&rsquo;id\u00e9e d&rsquo;une acquisition progressive de connaissances et de comp\u00e9tences qui s&rsquo;accumulent tout au long du parcours scolaire de l&rsquo;\u00e9l\u00e8ve. Au coll\u00e8ge il existe quatre parcours \u00e9ducatifs : Parcours d&rsquo;\u00e9ducation artistique et culturelle ; Parcours Avenir ; Parcours \u00e9ducatif de sant\u00e9 ; Parcours citoyen.<\/p>\n","protected":false},"author":636,"featured_media":0,"parent":132,"menu_order":6,"comment_status":"closed","ping_status":"closed","template":"template-twocolumnsleft.php","meta":{"ngg_post_thumbnail":0,"footnotes":""},"class_list":["post-168","page","type-page","status-publish","hentry","nodate","item-wrap"],"_links":{"self":[{"href":"https:\/\/www.clg-cesar.ac-nice.fr\/index.php?rest_route=\/wp\/v2\/pages\/168","targetHints":{"allow":["GET"]}}],"collection":[{"href":"https:\/\/www.clg-cesar.ac-nice.fr\/index.php?rest_route=\/wp\/v2\/pages"}],"about":[{"href":"https:\/\/www.clg-cesar.ac-nice.fr\/index.php?rest_route=\/wp\/v2\/types\/page"}],"author":[{"embeddable":true,"href":"https:\/\/www.clg-cesar.ac-nice.fr\/index.php?rest_route=\/wp\/v2\/users\/636"}],"replies":[{"embeddable":true,"href":"https:\/\/www.clg-cesar.ac-nice.fr\/index.php?rest_route=%2Fwp%2Fv2%2Fcomments&post=168"}],"version-history":[{"count":4,"href":"https:\/\/www.clg-cesar.ac-nice.fr\/index.php?rest_route=\/wp\/v2\/pages\/168\/revisions"}],"predecessor-version":[{"id":364,"href":"https:\/\/www.clg-cesar.ac-nice.fr\/index.php?rest_route=\/wp\/v2\/pages\/168\/revisions\/364"}],"up":[{"embeddable":true,"href":"https:\/\/www.clg-cesar.ac-nice.fr\/index.php?rest_route=\/wp\/v2\/pages\/132"}],"wp:attachment":[{"href":"https:\/\/www.clg-cesar.ac-nice.fr\/index.php?rest_route=%2Fwp%2Fv2%2Fmedia&parent=168"}],"curies":[{"name":"wp","href":"https:\/\/api.w.org\/{rel}","templated":true}]}}

Les parcours éducatifs

<p>La notion de parcours éducatif intègre l&rsquo;idée d&rsquo;une acquisition progressive de connaissances et de compétences qui s&rsquo;accumulent tout au long du parcours scolaire de l&rsquo;élève.</p>
<p>Au collège il existe quatre parcours éducatifs :</p>
<ul>
<li>Parcours d&rsquo;éducation artistique et culturelle ;</li>
<li>Parcours Avenir ;</li>
<li>Parcours éducatif de santé ;</li>
<li>Parcours citoyen.</li>
</ul>

<p>La notion de parcours éducatif intègre l&rsquo;idée d&rsquo;une acquisition progressive de connaissances et de compétences qui s&rsquo;accumulent tout au long du parcours scolaire de l&rsquo;élève. Au collège il existe quatre parcours éducatifs : Parcours d&rsquo;éducation artistique et culturelle ; Parcours Avenir ; Parcours éducatif de santé ; Parcours citoyen.</p>
