{"id":208,"date":"2020-02-11T09:26:51","date_gmt":"2020-02-11T08:26:51","guid":{"rendered":"https:\/\/www.clg-cesar.ac-nice.fr\/?page_id=208"},"modified":"2020-02-11T20:58:30","modified_gmt":"2020-02-11T19:58:30","slug":"generation-2024","status":"publish","type":"page","link":"https:\/\/www.clg-cesar.ac-nice.fr\/?page_id=208","title":{"rendered":"G\u00e9n\u00e9ration 2024"},"content":{"rendered":"<p>Le label \u00ab\u00a0G\u00e9n\u00e9ration 2024\u00a0\u00bb pour les \u00e9coles et \u00e9tablissements scolaires vise \u00e0 d\u00e9velopper les passerelles entre le monde scolaire et le mouvement sportif pour encourager la pratique physique et sportive des jeunes.<\/p>\n","protected":false},"excerpt":{"rendered":"<p>Le label \u00ab\u00a0G\u00e9n\u00e9ration 2024\u00a0\u00bb pour les \u00e9coles et \u00e9tablissements scolaires vise \u00e0 d\u00e9velopper les passerelles entre le monde scolaire et le mouvement sportif pour encourager la pratique physique et sportive des jeunes.<\/p>\n","protected":false},"author":636,"featured_media":0,"parent":31,"menu_order":4,"comment_status":"closed","ping_status":"closed","template":"template-twocolumnsleft.php","meta":{"ngg_post_thumbnail":0,"footnotes":""},"class_list":["post-208","page","type-page","status-publish","hentry","nodate","item-wrap"],"_links":{"self":[{"href":"https:\/\/www.clg-cesar.ac-nice.fr\/index.php?rest_route=\/wp\/v2\/pages\/208","targetHints":{"allow":["GET"]}}],"collection":[{"href":"https:\/\/www.clg-cesar.ac-nice.fr\/index.php?rest_route=\/wp\/v2\/pages"}],"about":[{"href":"https:\/\/www.clg-cesar.ac-nice.fr\/index.php?rest_route=\/wp\/v2\/types\/page"}],"author":[{"embeddable":true,"href":"https:\/\/www.clg-cesar.ac-nice.fr\/index.php?rest_route=\/wp\/v2\/users\/636"}],"replies":[{"embeddable":true,"href":"https:\/\/www.clg-cesar.ac-nice.fr\/index.php?rest_route=%2Fwp%2Fv2%2Fcomments&post=208"}],"version-history":[{"count":2,"href":"https:\/\/www.clg-cesar.ac-nice.fr\/index.php?rest_route=\/wp\/v2\/pages\/208\/revisions"}],"predecessor-version":[{"id":359,"href":"https:\/\/www.clg-cesar.ac-nice.fr\/index.php?rest_route=\/wp\/v2\/pages\/208\/revisions\/359"}],"up":[{"embeddable":true,"href":"https:\/\/www.clg-cesar.ac-nice.fr\/index.php?rest_route=\/wp\/v2\/pages\/31"}],"wp:attachment":[{"href":"https:\/\/www.clg-cesar.ac-nice.fr\/index.php?rest_route=%2Fwp%2Fv2%2Fmedia&parent=208"}],"curies":[{"name":"wp","href":"https:\/\/api.w.org\/{rel}","templated":true}]}}